{"id":41,"date":"2024-01-23T19:31:39","date_gmt":"2024-01-23T19:31:39","guid":{"rendered":"https:\/\/harug.pl\/?page_id=41"},"modified":"2024-11-03T12:30:42","modified_gmt":"2024-11-03T12:30:42","slug":"drogowskaz","status":"publish","type":"page","link":"https:\/\/harug.pl\/index.php\/drogowskaz\/","title":{"rendered":"Drogowskaz Harugu"},"content":{"rendered":"\n<p class=\"has-regular-font-size\"><em>Pomnik Widukinda autorstwa Heinricha Wefinga z 1959 r., miejscowo\u015b\u0107 Herford w Westfalii.<\/em><\/p>\n\n\n\n<p id=\"block-859ded63-f4a4-4a6d-a23a-824dac4a3dee\">Historycznie harug by\u0142 rodzajem starogerma\u0144skiego sanktuarium, zorganizowanym dooko\u0142a kopca usypanego z kamieni. Prowadzono przy nim zar\u00f3wno obrz\u0119dy religijne, jak i \u015bwieckie w rodzaju politycznych wiec\u00f3w. By\u0142o to miejsce zorientowane na zewn\u0105trz, otwarte na ludzi: zdecydowanie bardziej, ni\u017c posiadaj\u0105cy tabuiczne granice \u015bwi\u0119ty gaj czy zadaszona \u015bwi\u0105tynia. Mo\u017cemy podejrzewa\u0107, \u017ce jego okolice stanowi\u0142y przestrze\u0144 do natchnionej i \u017cywej wymiany my\u015bli \u2013 podobnie jak chrze\u015bcija\u0144ski ko\u015bci\u00f3\u0142 w wiekach \u015brednich, czy muzu\u0142ma\u0144ski meczet po dzi\u015b dzie\u0144.<\/p>\n\n\n\n<p id=\"block-0cd83116-ee1f-40ba-af05-4a24291bbb61\">Oczywi\u015bcie, istnieje mi\u0119dzy nimi pewna przepa\u015b\u0107. Poga\u0144ska siatka instytucji tego typu zosta\u0142a spopielona przez jej przeciwnik\u00f3w,<em> en masse<\/em> do ko\u0144ca \u015bredniowiecza. Ca\u0142a rodzina tych\u017ce europejskich religii tradycyjnych zosta\u0142a wyniszczona, zduszona zanim zd\u0105\u017cy\u0142a w pe\u0142ni rozwin\u0105\u0107 skrzyd\u0142a. Mia\u017cd\u017c\u0105ca wi\u0119kszo\u015b\u0107 \u017ar\u00f3de\u0142 na ich temat zosta\u0142a zniszczona\u2026 najcz\u0119\u015bciej wraz z uci\u0119ciem g\u0142owy cz\u0142owiekowi, kt\u00f3ry nigdy nie zd\u0105\u017cy\u0142 swojej wiedzy spisa\u0107 i spodziewa\u0142 si\u0119, \u017ce b\u0119dzie mia\u0142 okazj\u0119 przekaza\u0107 j\u0105 komu\u015b ustnie.&nbsp;<\/p>\n\n\n\n<p id=\"block-4f48db1f-4eec-4c7b-be00-d9720a1d88f7\">A jednak bogowie sobie poradzili. Cz\u0119\u015b\u0107 usun\u0119\u0142a si\u0119 mi\u0119dzy wiersze zapomnianych kronik, inni podtrzymali tl\u0105cy si\u0119 p\u0142omyk wiary w\u015br\u00f3d mieszka\u0144c\u00f3w odosobnionych wsi. Na temat niekt\u00f3rych przetrwa\u0142y ekscytuj\u0105ce podania, a wcale niema\u0142a cz\u0119\u015b\u0107 \u015bwietnie si\u0119 odnalaz\u0142a w nowym porz\u0105dku \u2013 przyjmuj\u0105c te same ofiary w tym samym miejscu, ale ju\u017c jako chrze\u015bcija\u0144scy \u015bwi\u0119ci. Dzisiaj powracaj\u0105 i wraz z nimi, wychodz\u0105 z ukrycia poganie.<\/p>\n\n\n\n<p id=\"block-35d515fe-27bc-4e7e-ba4e-20bb36fcc162\">Ja r\u00f3wnie\u017c do tej grupy przynale\u017c\u0119. Na w\u0142asnej sk\u00f3rze pozna\u0142em, jak ci\u0119\u017ckie jest nasze po\u0142o\u017cenie. Dlatego postanowi\u0142em usypa\u0107 t\u0119, nie przymierzaj\u0105c, kamieni kup\u0119 i rozpocz\u0105\u0107 na niej swoj\u0105 dzia\u0142alno\u015b\u0107. Rozrusza\u0107 troch\u0119 umys\u0142owe cz\u0142onki, a przez to nada\u0107 \u017cycia g\u0142\u0119boko wsobnej (albo co gorsza, akademickiej!) atmosferze w \u015brodowiskach rodzimowierczych, neopoga\u0144skich, obracaj\u0105cych dziesi\u0105tkami nazw tyle\u017c oryginalnych, co pokracznych.<\/p>\n\n\n\n<p id=\"block-c872f466-03dc-4b81-b2e3-20091495cee4\">Aby prze\u0142ama\u0107 szereg nieporozumie\u0144, kt\u00f3re nasz ruch zawdzi\u0119cza nowoczesno\u015bci, Harug powstaje jako przestrze\u0144 tradycjonalistyczna \u2013 w rozumieniu najbardziej reakcyjnym i archaicznym, <em>par excellence<\/em> przednowo\u017cytnym. Oczywi\u015bcie nie oznacza to fundamentalizmu czy \u015blepego pod\u0105\u017cania za g\u0142osem historii, p\u0142onnych pr\u00f3b zatrzymania czasu w miejscu. Mam raczej na my\u015bli zmian\u0119 paradygmatu my\u015blenia o \u015bwiecie na&#8230; tradycyjny. Czyli taki, dzi\u0119ki kt\u00f3remu ludzko\u015b\u0107 <em>sz\u0142a do przodu<\/em> przez wi\u0119ksz\u0105 cz\u0119\u015b\u0107 istnienia naszego gatunku i kt\u00f3ry naprawd\u0119 dobrze funkcjonowa\u0142, a\u017c do wielkiego za\u0142amania, kt\u00f3re przynios\u0142o zgub\u0119 m.in. moim wsp\u00f3\u0142wyznawcom. Szersze wyja\u015bnienie moich przekona\u0144 w temacie zajmie bez ma\u0142a lata i stanowi\u0107 b\u0119dzie tre\u015b\u0107 zasadnicz\u0105 bloga. Licz\u0119 jednak, \u017ce nie pozostan\u0119 w tych wysi\u0142kach osamotniony.<\/p>\n\n\n\n<p>Harug obejmuje nast\u0119puj\u0105ce serie:<\/p>\n\n\n\n<p>1. <strong>Dla Pocz\u0105tkuj\u0105cych<\/strong><\/p>\n\n\n\n<p>Obecnie zawiera wpisy nt. <a href=\"https:\/\/harug.pl\/index.php\/2024\/05\/02\/poznajcie-moich-bogow\/\">mojego kultu domowego<\/a> i <a href=\"https:\/\/harug.pl\/index.php\/2024\/03\/12\/leksykon-harugu\/\">s\u0142ownictwa u\u017cywanego na blogu<\/a>. Seria powoli rozwija si\u0119 w kierunku kompleksowego poradnika, odpowiadaj\u0105cego na wszelkie aspekty przyziemnego przecie\u017c pytania: \u201ejak zosta\u0107 poganinem?&#8221;.<\/p>\n\n\n\n<p>2. <strong>Prze\u017cytki Starogerma\u0144skie<\/strong><\/p>\n\n\n\n<p>Zako\u0144czony cykl artyku\u0142\u00f3w, opisuj\u0105cy wierzenia germa\u0144skich plemion migruj\u0105cych w p\u00f3\u017anym antyku i wczesnym \u015bredniowieczu. Teksty s\u0105 popularnonaukowe, skierowane do poga\u0144skiego odbiorcy. Posiadaj\u0105 pewn\u0105 wzajemn\u0105 sp\u00f3jno\u015b\u0107, dlatego najlepiej czyta\u0107 je w kolejno\u015bci powstawania:<\/p>\n\n\n\n<ol class=\"wp-block-list\">\n<li><a href=\"https:\/\/harug.pl\/index.php\/2024\/01\/23\/przezytki-starogermanskie-wsrod-wizygotow-i-swebow-w-iberii\/\">Wizygoci i Swebowie;<\/a><\/li>\n\n\n\n<li><a href=\"https:\/\/harug.pl\/index.php\/2024\/01\/31\/przezytki-starogermanskie-wsrod-longobardow-i-ostrogotow-w-italii-czesc-1\/\">Ostrogoci i Longobardowie<\/a> (+<a href=\"https:\/\/harug.pl\/index.php\/2024\/01\/31\/przezytki-starogermanskie-wsrod-longobardow-i-ostrogotow-w-italii-czesc-2\/\">cz\u0119\u015b\u0107 druga)<\/a>;<\/li>\n\n\n\n<li><a href=\"https:\/\/harug.pl\/index.php\/2024\/02\/23\/przezytki-starogermanskie-wsrod-burgundow-w-poludniowej-galii\/\">Burgundowie;<\/a><\/li>\n\n\n\n<li><a href=\"https:\/\/harug.pl\/index.php\/2024\/05\/16\/przezytki-starogermanskie-wsrod-frankow-czesc-1\/\">Frankowie<\/a> (+<a href=\"https:\/\/harug.pl\/index.php\/2024\/05\/23\/przezytki-starogermanskie-wsrod-frankow-czesc-2\/\">cz\u0119\u015b\u0107 druga<\/a> i <a href=\"https:\/\/harug.pl\/index.php\/2024\/05\/27\/przezytki-starogermanskie-wsrod-frankow-czesc-3\/\">trzecia<\/a>);<\/li>\n\n\n\n<li><a href=\"https:\/\/harug.pl\/index.php\/2024\/07\/13\/przezytki-starogermanskie-wsrod-gepidow-w-panonii\/\">Gepidowie.<\/a><\/li>\n<\/ol>\n\n\n\n<p>3. <strong>Germania Slavica<\/strong><\/p>\n\n\n\n<p>\u015awie\u017co rozpocz\u0119ty cykl popularnonaukowy, maj\u0105cy na celu przybli\u017cenie Czytelnikom rozlicznych punkt\u00f3w wsp\u00f3lnych mi\u0119dzy Tradycjami German\u00f3w i S\u0142owian:<\/p>\n\n\n\n<ol class=\"wp-block-list\">\n<li><a href=\"https:\/\/harug.pl\/index.php\/2024\/07\/07\/pszczola-w-wierzeniach-germanow-i-slowian\/\">Pszczo\u0142y<\/a>;<\/li>\n\n\n\n<li><a href=\"https:\/\/harug.pl\/index.php\/2024\/07\/11\/niedzwiedz-w-wierzeniach-germanow-i-slowian\/\">Nied\u017awiedzie<\/a>;<\/li>\n\n\n\n<li><a href=\"https:\/\/harug.pl\/index.php\/2024\/07\/28\/diabel-w-wierzeniach-germanow-i-slowian-cz-1\/\" data-type=\"link\" data-id=\"https:\/\/harug.pl\/index.php\/2024\/07\/28\/diabel-w-wierzeniach-germanow-i-slowian-cz-1\/\">Diabe\u0142<\/a> (+<a href=\"https:\/\/harug.pl\/index.php\/2024\/07\/29\/diabel-w-wierzeniach-germanow-i-slowian-cz-2\/\" data-type=\"link\" data-id=\"https:\/\/harug.pl\/index.php\/2024\/07\/29\/diabel-w-wierzeniach-germanow-i-slowian-cz-2\/\">cz\u0119\u015b\u0107 druga<\/a>).<\/li>\n<\/ol>\n\n\n\n<p>4. <strong>Americana<\/strong><\/p>\n\n\n\n<p>Swego rodzaju kontynuacja serii &#8222;Prze\u017cytk\u00f3w Starogerma\u0144skich&#8221; opisuj\u0105ca wierzenia z kontynentu Ameryka\u0144skiego (g\u0142\u00f3wnie jego p\u00f3\u0142nocnej cz\u0119\u015bci), si\u0119gaj\u0105ce swoimi korzeniami jeszcze do europejskiego poga\u0144stwa. Opisa\u0142em tam kolejno:<\/p>\n\n\n\n<ol class=\"wp-block-list\">\n<li><a href=\"https:\/\/harug.pl\/index.php\/2024\/09\/23\/przezytki-starogermanskie-w-wierzeniach-mormonow-z-utah\/\">Mormon\u00f3w<\/a>;<\/li>\n\n\n\n<li><a href=\"https:\/\/harug.pl\/index.php\/2024\/09\/29\/przezytki-starogermanskie-wsrod-niemcow-nadwolzanskich-w-usa\/\">Niemc\u00f3w Nadwo\u0142\u017ca\u0144skich<\/a>;<\/li>\n\n\n\n<li><a href=\"https:\/\/harug.pl\/index.php\/2024\/10\/09\/przezytki-starogermanskie-na-pograniczu-usa-i-kanady\/\">Pogranicze ameryka\u0144sko-kanadyjskie<\/a>.<\/li>\n<\/ol>\n\n\n\n<p>5. <strong>Seria \u0179r\u00f3d\u0142oznawcza<\/strong><\/p>\n\n\n\n<p>Trudniejsze, naukowe teksty dla zaawansowanych Czytelnik\u00f3w. Publikuj\u0119 tutaj wyniki moich bada\u0144 nad literatur\u0105 \u015bredniowieczn\u0105, wyci\u0105gaj\u0105c z tych trudnych \u017ar\u00f3de\u0142 przydatne wskaz\u00f3wki dla rodzimowierc\u00f3w germa\u0144skich:<\/p>\n\n\n\n<ol class=\"wp-block-list\">\n<li><a href=\"https:\/\/harug.pl\/index.php\/2024\/10\/23\/kult-wodana-w-poemacie-widsith\/\">Widsith;<\/a><\/li>\n\n\n\n<li><a href=\"https:\/\/harug.pl\/index.php\/2024\/10\/31\/synkretyzm-chrzescijansko-poganski-w-heliandzie-cz-1\/\">Heliand<\/a> (+<a href=\"https:\/\/harug.pl\/index.php\/2024\/10\/31\/synkretyzm-chrzescijansko-poganski-w-heliandzie-cz-2\/\" data-type=\"link\" data-id=\"https:\/\/harug.pl\/index.php\/2024\/10\/31\/synkretyzm-chrzescijansko-poganski-w-heliandzie-cz-2\/\">cz\u0119\u015b\u0107 druga<\/a>).<\/li>\n<\/ol>\n\n\n\n<p><\/p>\n","protected":false},"excerpt":{"rendered":"<p>Pomnik Widukinda autorstwa Heinricha Wefinga z 1959 r., miejscowo\u015b\u0107 Herford w Westfalii. Historycznie harug by\u0142 rodzajem starogerma\u0144skiego sanktuarium, zorganizowanym dooko\u0142a kopca usypanego z kamieni. Prowadzono [&hellip;]<\/p>\n","protected":false},"author":1,"featured_media":38,"parent":0,"menu_order":0,"comment_status":"closed","ping_status":"closed","template":"","meta":{"footnotes":""},"class_list":["post-41","page","type-page","status-publish","has-post-thumbnail","hentry"],"_links":{"self":[{"href":"https:\/\/harug.pl\/index.php\/wp-json\/wp\/v2\/pages\/41","targetHints":{"allow":["GET"]}}],"collection":[{"href":"https:\/\/harug.pl\/index.php\/wp-json\/wp\/v2\/pages"}],"about":[{"href":"https:\/\/harug.pl\/index.php\/wp-json\/wp\/v2\/types\/page"}],"author":[{"embeddable":true,"href":"https:\/\/harug.pl\/index.php\/wp-json\/wp\/v2\/users\/1"}],"replies":[{"embeddable":true,"href":"https:\/\/harug.pl\/index.php\/wp-json\/wp\/v2\/comments?post=41"}],"version-history":[{"count":20,"href":"https:\/\/harug.pl\/index.php\/wp-json\/wp\/v2\/pages\/41\/revisions"}],"predecessor-version":[{"id":600,"href":"https:\/\/harug.pl\/index.php\/wp-json\/wp\/v2\/pages\/41\/revisions\/600"}],"wp:featuredmedia":[{"embeddable":true,"href":"https:\/\/harug.pl\/index.php\/wp-json\/wp\/v2\/media\/38"}],"wp:attachment":[{"href":"https:\/\/harug.pl\/index.php\/wp-json\/wp\/v2\/media?parent=41"}],"curies":[{"name":"wp","href":"https:\/\/api.w.org\/{rel}","templated":true}]}}